5
Let o be 1/4*-4*-16. Suppose 0*j - h = 5*j - 642, 3*h = -j + 134. Calculate the highest common divisor of o and j.
16
Let x(f) = 7*f + 9. Let t(d) = -7*d - 9. Let n(g) = -6*t(g) - 5*x(g). Let o be n(6). Calculate the greatest common factor of 17 and o.
17
Let z(a) = a**3 - 8*a**2 - 8*a + 4. Let p be z(9). Calculate the highest common divisor of p and 13.
13
Let p(y) = y**3 + 10*y**2 + 6*y - 6. Let k(w) = w**3 + 2*w**2. Let d be k(-3). Let m be p(d). What is the highest common divisor of 7 and m?
7
Let f = -149 + -63. Let a = -127 - f. What is the greatest common divisor of 17 and a?
17
Let q(m) = -m**3 - 19*m**2 + 18*m - 32. Let n be q(-20). Let u be (2/4)/((-2)/(-16)). Suppose u*a + a = 320. Calculate the highest common divisor of a and n.
8
Suppose -5*i - 15 = 0, -2*s - 5*i + 1 = -8. What is the highest common factor of s and 36?
12
Let r be ((-1)/3)/((-5)/1470). What is the greatest common divisor of r and 14?
14
Let r(l) = 3*l**2 - 27*l - 28. Let i be r(15). Let o be ((-66)/9)/(1/(-3)). Calculate the highest common divisor of i and o.
22
Suppose -4*j + 589 = -1079. Let c be (-2)/(-8) + j/12. Calculate the greatest common divisor of c and 14.
7
Suppose 3*m - 4*m = -32. Suppose 13*k = 17*k - 32. What is the greatest common factor of m and k?
8
Let a be 10/15 + 64/12. Calculate the greatest common factor of a and 48.
6
Suppose 3*h - 110 = -7*h. Calculate the greatest common divisor of 99 and h.
11
Let z = 3 - 1. Suppose -z*l = 3*j - 57, 0 = j + j + 2*l - 36. Calculate the highest common factor of j and 14.
7
Let y(j) = -j**3 + 7*j**2 + 2*j - 10. Let h be y(7). Suppose -4*l + 379 = 2*b + 3*b, h*b + 2*l - 302 = 0. What is the highest common divisor of b and 30?
15
Let r be 225*((-3)/(-9))/1 - -1. Calculate the greatest common divisor of 190 and r.
38
Suppose v - 23 - 164 = 0. What is the highest common divisor of v and 11?
11
Suppose 0 = -2*d + o + 53, 8*o - 11*o - 78 = -3*d. What is the greatest common factor of d and 27?
27
Let c = -4 + 19. Let y = -10 - -13. Suppose 5*p - y*m - 837 = 0, 3*m = -2*p - 2*p + 648. Calculate the greatest common divisor of c and p.
15
Let y = 20 + -14. Let f(a) = 3*a - 3. Let q be f(y). Calculate the highest common factor of q and 6.
3
Let x = -109 - -124. What is the greatest common divisor of x and 20?
5
Let v be -1 + -1 - (-1 - -2). Let s(q) = -3*q**2 + 2*q**2 - 2*q**3 + 3*q + 0*q**3. Let d be s(v). Calculate the highest common factor of 9 and d.
9
Suppose 3*z + z - 244 = 0. Suppose -z = -4*q + 35. Calculate the highest common factor of 36 and q.
12
Let c be 22*1/2 + 2. Let n = -77 + 181. Calculate the highest common factor of c and n.
13
Let o = -203 + 131. Let c be o/14*21/(-2). Let p be -4*3*(-3)/6. What is the highest common divisor of p and c?
6
Let l(x) = -x**2 - 6*x + 7. Let f be l(-5). Suppose -n = 4 + 1. Let m = n - -8. Calculate the highest common divisor of f and m.
3
Suppose 5 + 11 = i. What is the highest common factor of i and 80?
16
Suppose -h + 4*h = -2*g + 44, 2*g - 24 = 2*h. Calculate the greatest common divisor of g and 96.
16
Let w(a) = -a**3 - 4*a**2 - 2*a - 6. Suppose 4*y - y + 12 = 0. Let p be w(y). What is the greatest common factor of 2 and p?
2
Suppose -v = -3*l + 12, -2*v + 4*l - 16 = 2*v. Let i be (1 - (v + -9)) + 1. Let m = -260 + 370. Calculate the greatest common divisor of i and m.
11
Let w be (-17 + (0 - 1))*-1. Let j = -4 + w. What is the highest common factor of 14 and j?
14
Suppose 0 = 17*n - 21*n + 40. Calculate the greatest common divisor of 70 and n.
10
Let l = -15 - -38. Calculate the greatest common factor of 253 and l.
23
Let l(w) = 4*w - 2. Let q be l(2). Suppose 2*x = q*x - 3*g - 44, -x + 3*g = -11. What is the greatest common factor of x and 55?
11
Let o = 405 + -198. Calculate the highest common factor of 23 and o.
23
Let a(m) = -3*m + 11. Let k be a(-7). Calculate the greatest common factor of k and 96.
32
Let b be 2/(-9) - (-2902)/18. Calculate the greatest common factor of 23 and b.
23
Let w(z) = z**3 + 3*z**2 - 2*z + 3. Let c(s) = s - 1. Let v be c(-2). Let y be w(v). What is the greatest common factor of y and 36?
9
Suppose -2*j = o - 48, -2*o = -0*o - j - 81. Suppose 0 = -m - 4*v + 9 + 2, 3*v = -3*m + 42. Let w = m + -9. Calculate the highest common factor of o and w.
6
Suppose -2*g = 2 - 8. Suppose -4*o = 594 - 1438. Suppose -o + 46 = -5*j. What is the highest common factor of j and g?
3
Let t = -9 - 74. Let c = t + 164. Let w = 8 + 1. What is the highest common divisor of c and w?
9
Let n be (-4)/(-14) - (-264)/56. Suppose 4*w - n*v - 335 = 0, v + 3*v + 92 = w. What is the highest common divisor of 32 and w?
16
Let w = 41 - 21. Calculate the greatest common factor of 20 and w.
20
Let i be -12*(6/4 + -2). Let x(o) = 3 + 1 - o**2 - 4*o**3 - 2 + 0*o**2. Let q be x(-2). What is the greatest common factor of q and i?
6
Let s(w) = 2*w**2 + 9*w - 8. Let o be s(-6). What is the greatest common factor of o and 90?
10
Let f(q) = q**2 - q + 3. Let m be f(0). Suppose 5*n = j - 435, m*j + 0*n = -n + 1369. Suppose 0 = b + 4*b - j. Calculate the highest common factor of 13 and b.
13
Let r(y) be the third derivative of y**6/120 - y**5/12 - 5*y**4/24 - y**3/3 + 3*y**2. Let g be r(6). Calculate the greatest common factor of 20 and g.
4
Let k = 69 - 63. What is the highest common divisor of 78 and k?
6
Let o(z) = 9*z**2 - 21*z + 10. Let d(i) = 4*i**2 - 10*i + 5. Let t(w) = -13*d(w) + 6*o(w). Let s be t(-4). What is the greatest common divisor of s and 77?
11
Suppose -8 = 2*q - 4*x + 28, -3*x = -3*q - 48. Let a be q - (-1 - (1 - 2)). Let z be (-8)/(-28) - 164/a. Calculate the highest common factor of z and 96.
12
Let s be -3*(4/(-3))/1. Suppose 205 = s*f + 61. Calculate the highest common divisor of 9 and f.
9
Let n = 2 - -1. Suppose 2*w = 6*w + l - 12, -w + n = 4*l. Suppose -z + w*z - 198 = 0. Calculate the highest common divisor of 9 and z.
9
Suppose -18 = x - 7. Let l be 1/(1 - (-10)/x). Let c = -12 + 111. Calculate the highest common factor of c and l.
11
Suppose -66*p + 68*p = 260. Calculate the highest common factor of 26 and p.
26
Let b = -11 - -25. Suppose 6*x = 2*x + 12. Suppose 0 = -x*h + 6*h - 126. Calculate the highest common factor of h and b.
14
Suppose -r = -5*m - 5, 2*r - 4*m - 8 = r. Let h = 67 - 37. Calculate the greatest common divisor of h and r.
10
Suppose 70 = 4*z + 22. Suppose 30 = 21*a - 138. What is the greatest common factor of a and z?
4
Let y be 54*(5/(-1))/(-5). Suppose 0 = 2*a + 8, a + 14 = 3*i + 2*a. What is the greatest common factor of y and i?
6
Suppose 0 = 4*n + 20, -5*n = 5*w - 0*n - 10. What is the greatest common factor of w and 77?
7
Suppose -101 + 21 = -5*a. Calculate the highest common factor of a and 16.
16
Let w(k) = k**2 + 10*k - 3. Let g be w(-15). What is the greatest common divisor of 9 and g?
9
Let w = -126 - -137. Let d = 382 + -193. Let k = -112 + d. Calculate the greatest common factor of w and k.
11
Let q = 40 + -30. Calculate the greatest common divisor of 20 and q.
10
Let g(y) = -y**2 + 6*y + 9. Let i be g(7). Let p be (i/(-6))/((-1)/12). Let l be 4*(1 - (-7)/p). What is the highest common divisor of 121 and l?
11
Let p be (3/2)/(-1*12/(-88)). What is the highest common divisor of p and 99?
11
Let v = 39 - 34. What is the highest common factor of v and 25?
5
Let j be (-1 - -32)*14/14. What is the highest common divisor of 62 and j?
31
Let d(r) be the second derivative of r**5/20 - r**4/2 + 4*r**3/3 - r**2 - r. Let n be d(6). Let o = n - 28. What is the highest common divisor of o and 2?
2
Let g be 1/(1*1/13). Suppose -3*t - 4*y = 15 - 44, 0 = -4*t + 5*y - g. What is the greatest common factor of 2 and t?
1
Let q(c) = -3*c**2 - 9 - 3*c**2 + 4*c + 13. Let s be q(-3). Let b = s - -118. Calculate the highest common factor of 8 and b.
8
Suppose l = 5*z + 93, 289 = -l + 4*l - 5*z. Calculate the highest common factor of l and 14.
14
Let n(q) = -9*q - 2. Suppose 0 = -4*a + 36 + 32. Suppose -4*p + 2*o - a = 7, 0 = -p + 3*o - 16. Let b be n(p). Calculate the highest common divisor of 17 and b.
17
Suppose 0 = 3*y - y - 280. What is the greatest common divisor of y and 20?
20
Let t = 31 + 17. What is the highest common factor of t and 12?
12
Suppose 0 = -m + 2*m - o - 9, -o - 24 = -4*m. Suppose -116 = a - m*a. Let h = a - 12. Cal